{"id":9241,"date":"2025-04-03T00:35:23","date_gmt":"2025-04-03T00:35:23","guid":{"rendered":"https:\/\/psicolectiva.org\/?page_id=9241"},"modified":"2025-05-09T15:03:08","modified_gmt":"2025-05-09T15:03:08","slug":"procesos","status":"publish","type":"page","link":"https:\/\/psicolectiva.org\/?page_id=9241","title":{"rendered":"Algunos de nuestros procesos"},"content":{"rendered":"<div class=\"wpb-content-wrapper\"><p>[vc_row disable_background_image=&#8221;&#8221; simple_background_image=&#8221;2818&#8243;][vc_column]<div class=\"eltdf-elements-holder   eltdf-two-columns  eltdf-responsive-mode-768   \" ><div class=\"eltdf-eh-item    eltdf-y-translate \" style=\"background-image: url(https:\/\/psicolectiva.org\/wp-content\/uploads\/2025\/04\/gentecurso.jpg)\" data-item-class=\"eltdf-eh-custom-1910\" data-animation=\"eltdf-y-translate\" data-769-1024=\"30.2% 0 30.2% 0\">\n\t<div class=\"eltdf-eh-item-inner\">\n\t\t<div class=\"eltdf-eh-item-content eltdf-eh-custom-1910\" style=\"padding: 25.2% 0 25.2% 0\">\n\t\t\t\t\t<\/div>\n\t<\/div>\n<\/div><div class=\"eltdf-eh-item     \" style=\"background-color: #FFE800\" data-item-class=\"eltdf-eh-custom-2662\" data-1367-1600=\"0 20% 30px 15%\" data-1025-1366=\"0 15% 30px 15%\" data-769-1024=\"0 0% 30px 7%\" data-681-768=\"12.6% 15% 12.6% 22%\" data-680=\"25px 0% 53px 10%\">\n\t<div class=\"eltdf-eh-item-inner\">\n\t\t<div class=\"eltdf-eh-item-content eltdf-eh-custom-2662\" style=\"padding: 0 25% 30px 25%\">\n\t\t\t[vc_column_text css=&#8221;&#8221;]<\/p>\n<h2>Algunos de nuestros procesos<\/h2>\n<p>[\/vc_column_text]\t\t<\/div>\n\t<\/div>\n<\/div><\/div>[\/vc_column][\/vc_row][vc_row content_text_aligment=&#8221;center&#8221;][vc_column css_animation=&#8221;zoomIn&#8221;]<div class=\"eltdf-elements-holder   eltdf-three-columns  eltdf-responsive-mode-768   \" ><div class=\"eltdf-eh-item  eltdf-vertical-alignment-top   \"  data-item-class=\"eltdf-eh-custom-8379\" data-1025-1366=\"100px 25px 55px 100px\" data-769-1024=\"130px 35px 55px 35px\" data-681-768=\"130px 155px 55px 155px\" data-680=\"130px 45px 55px 45px\">\n\t<div class=\"eltdf-eh-item-inner\">\n\t\t<div class=\"eltdf-eh-item-content eltdf-eh-custom-8379\" style=\"padding: 70px 25px 35px 125px\">\n\t\t\t<div class=\"eltdf-iwt clearfix  eltdf-iwt-icon-top eltdf-iwt-icon-large eltdf-iwt-position-text_center\">\n\t<div class=\"eltdf-iwt-icon\">\n\t\t\t\t\t\t\t\t\t    <span class=\"eltdf-icon-shortcode eltdf-circle   eltdf-icon-large\" style=\"width: 80px;height: 80px;line-height: 80px;background-color: #FFE800\" data-color=\"#EF1683\">\n                    <i class=\"eltdf-icon-ion-icon ion-android-people eltdf-icon-element\" style=\"color: #EF1683;font-size:60px\" ><\/i>            <\/span>\n\t\t\t\t\t\t<\/div>\n\t<div class=\"eltdf-iwt-content\" >\n\t\t\t\t\t<h4 class=\"eltdf-iwt-title\" >\n\t\t\t\t\t\t\t\t<span class=\"eltdf-iwt-title-text\">Fortalecimiento de capacidades de actores comunitarios e institucionales<\/span>\n\t\t\t\t\t\t\t<\/h4>\n\t\t\t\t\t\t\t<p class=\"eltdf-iwt-text\" >a fin de prevenir la desnutrici\u00f3n cr\u00f3nica infantil, desde una pedagog\u00eda popular con enfoque de g\u00e9nero, derechos e interculturalidad.<\/p>\n\t\t\t<\/div>\n<\/div>\t\t<\/div>\n\t<\/div>\n<\/div><div class=\"eltdf-eh-item  eltdf-vertical-alignment-top   \"  data-item-class=\"eltdf-eh-custom-7309\" data-1025-1366=\"130px 60px 55px 60px\" data-769-1024=\"130px 35px 55px 35px\" data-681-768=\"0 155px 70px 155px\" data-680=\"0px 45px 70px 45px\">\n\t<div class=\"eltdf-eh-item-inner\">\n\t\t<div class=\"eltdf-eh-item-content eltdf-eh-custom-7309\" style=\"padding: 70px 25px 35px 125px\">\n\t\t\t<div class=\"eltdf-iwt clearfix  eltdf-iwt-icon-top eltdf-iwt-icon-large eltdf-iwt-position-text_center\">\n\t<div class=\"eltdf-iwt-icon\">\n\t\t\t\t\t\t\t\t\t    <span class=\"eltdf-icon-shortcode eltdf-circle   eltdf-icon-large\" style=\"width: 80px;height: 80px;line-height: 80px;background-color: #FFE800\" data-color=\"#EF1683\">\n                    <i class=\"eltdf-icon-ion-icon ion-android-person-add eltdf-icon-element\" style=\"color: #EF1683;font-size:50px\" ><\/i>            <\/span>\n\t\t\t\t\t\t<\/div>\n\t<div class=\"eltdf-iwt-content\" >\n\t\t\t\t\t<h4 class=\"eltdf-iwt-title\" >\n\t\t\t\t\t\t\t\t<span class=\"eltdf-iwt-title-text\">Fortalecimiento de capacidades de poblaciones juveniles<\/span>\n\t\t\t\t\t\t\t<\/h4>\n\t\t\t\t\t\t\t<p class=\"eltdf-iwt-text\" >e inclusi\u00f3n de contenidos acerca de educaci\u00f3n integral de la sexualidad y promoci\u00f3n de derechos sexuales y derechos reproductivos.<\/p>\n\t\t\t<\/div>\n<\/div>\t\t<\/div>\n\t<\/div>\n<\/div><div class=\"eltdf-eh-item  eltdf-vertical-alignment-top   \"  data-item-class=\"eltdf-eh-custom-2885\" data-1025-1366=\"130px 100px 55px 25px\" data-769-1024=\"130px 35px 55px 35px\" data-681-768=\"0 155px 55px 155px\" data-680=\"0px 45px 55px 45px\">\n\t<div class=\"eltdf-eh-item-inner\">\n\t\t<div class=\"eltdf-eh-item-content eltdf-eh-custom-2885\" style=\"padding: 70px 25px 35px 125px\">\n\t\t\t<div class=\"eltdf-iwt clearfix  eltdf-iwt-icon-top eltdf-iwt-icon-large eltdf-iwt-position-text_center\">\n\t<div class=\"eltdf-iwt-icon\">\n\t\t\t\t\t\t\t\t\t    <span class=\"eltdf-icon-shortcode eltdf-circle   eltdf-icon-large\" style=\"width: 80px;height: 80px;line-height: 80px;background-color: #FFE800\" data-color=\"#EF1683\">\n                    <i class=\"eltdf-icon-ion-icon ion-android-hangout eltdf-icon-element\" style=\"color: #EF1683;font-size:60px\" ><\/i>            <\/span>\n\t\t\t\t\t\t<\/div>\n\t<div class=\"eltdf-iwt-content\" >\n\t\t\t\t\t<h4 class=\"eltdf-iwt-title\" >\n\t\t\t\t\t\t\t\t<span class=\"eltdf-iwt-title-text\">Promoci\u00f3n del bienestar psicosocial<\/span>\n\t\t\t\t\t\t\t<\/h4>\n\t\t\t\t\t\t\t<p class=\"eltdf-iwt-text\" >como mecanismo de protecci\u00f3n comunitaria que contribuya a la erradicaci\u00f3n de la violencia basada en g\u00e9nero.<\/p>\n\t\t\t<\/div>\n<\/div>\t\t<\/div>\n\t<\/div>\n<\/div><\/div>[\/vc_column][\/vc_row][vc_row content_text_aligment=&#8221;center&#8221;][vc_column css_animation=&#8221;zoomIn&#8221;]<div class=\"eltdf-elements-holder   eltdf-three-columns  eltdf-responsive-mode-768   \" ><div class=\"eltdf-eh-item  eltdf-vertical-alignment-top   \"  data-item-class=\"eltdf-eh-custom-3579\" data-1025-1366=\"100px 25px 55px 100px\" data-769-1024=\"130px 35px 55px 35px\" data-681-768=\"130px 155px 55px 155px\" data-680=\"130px 45px 55px 45px\">\n\t<div class=\"eltdf-eh-item-inner\">\n\t\t<div class=\"eltdf-eh-item-content eltdf-eh-custom-3579\" style=\"padding: 20px 25px 55px 125px\">\n\t\t\t<div class=\"eltdf-iwt clearfix  eltdf-iwt-icon-top eltdf-iwt-icon-large eltdf-iwt-position-text_center\">\n\t<div class=\"eltdf-iwt-icon\">\n\t\t\t\t\t\t\t\t\t    <span class=\"eltdf-icon-shortcode eltdf-circle   eltdf-icon-large\" style=\"width: 80px;height: 80px;line-height: 80px;background-color: #FFE800\" data-color=\"#EF1683\">\n                    <i class=\"eltdf-icon-ion-icon ion-help-buoy eltdf-icon-element\" style=\"color: #EF1683;font-size:60px\" ><\/i>            <\/span>\n\t\t\t\t\t\t<\/div>\n\t<div class=\"eltdf-iwt-content\" >\n\t\t\t\t\t<h4 class=\"eltdf-iwt-title\" >\n\t\t\t\t\t\t\t\t<span class=\"eltdf-iwt-title-text\">Acompa\u00f1amiento capacitante y espacios de cuidado<\/span>\n\t\t\t\t\t\t\t<\/h4>\n\t\t\t\t\t\t\t<p class=\"eltdf-iwt-text\" >de equipos para primeros auxilios legales y equipos interdisciplinarios.<\/p>\n\t\t\t<\/div>\n<\/div>\t\t<\/div>\n\t<\/div>\n<\/div><div class=\"eltdf-eh-item  eltdf-vertical-alignment-top   \"  data-item-class=\"eltdf-eh-custom-3912\" data-1025-1366=\"130px 60px 55px 60px\" data-769-1024=\"130px 35px 55px 35px\" data-681-768=\"0 155px 70px 155px\" data-680=\"0px 45px 70px 45px\">\n\t<div class=\"eltdf-eh-item-inner\">\n\t\t<div class=\"eltdf-eh-item-content eltdf-eh-custom-3912\" style=\"padding: 20px 25px 55px 125px\">\n\t\t\t<div class=\"eltdf-iwt clearfix  eltdf-iwt-icon-top eltdf-iwt-icon-large eltdf-iwt-position-text_center\">\n\t<div class=\"eltdf-iwt-icon\">\n\t\t\t\t\t\t\t\t\t    <span class=\"eltdf-icon-shortcode eltdf-circle   eltdf-icon-large\" style=\"width: 80px;height: 80px;line-height: 80px;background-color: #FFE800\" data-color=\"#EF3168\">\n                    <i class=\"eltdf-icon-ion-icon ion-happy eltdf-icon-element\" style=\"color: #EF3168;font-size:50px\" ><\/i>            <\/span>\n\t\t\t\t\t\t<\/div>\n\t<div class=\"eltdf-iwt-content\" >\n\t\t\t\t\t<h4 class=\"eltdf-iwt-title\" >\n\t\t\t\t\t\t\t\t<span class=\"eltdf-iwt-title-text\">Promoci\u00f3n de servicios de salud mental<\/span>\n\t\t\t\t\t\t\t<\/h4>\n\t\t\t\t\t\t\t<p class=\"eltdf-iwt-text\" >y cuidado de equipos para prevenir situaciones de desgaste emocional, laboral y situaciones de violencia.<\/p>\n\t\t\t<\/div>\n<\/div>\t\t<\/div>\n\t<\/div>\n<\/div><div class=\"eltdf-eh-item  eltdf-vertical-alignment-top   \"  data-item-class=\"eltdf-eh-custom-5411\" data-1025-1366=\"130px 100px 55px 25px\" data-769-1024=\"130px 35px 55px 35px\" data-681-768=\"0 155px 55px 155px\" data-680=\"0px 45px 55px 45px\">\n\t<div class=\"eltdf-eh-item-inner\">\n\t\t<div class=\"eltdf-eh-item-content eltdf-eh-custom-5411\" style=\"padding: 20px 25px 55px 125px\">\n\t\t\t<div class=\"eltdf-iwt clearfix  eltdf-iwt-icon-top eltdf-iwt-icon-large eltdf-iwt-position-text_center\">\n\t<div class=\"eltdf-iwt-icon\">\n\t\t\t\t\t\t\t\t\t    <span class=\"eltdf-icon-shortcode eltdf-circle   eltdf-icon-large\" style=\"width: 80px;height: 80px;line-height: 80px;background-color: #FFE800\" data-color=\"#EF1683\">\n                    <i class=\"eltdf-icon-ion-icon ion-android-contacts eltdf-icon-element\" style=\"color: #EF1683;font-size:50px\" ><\/i>            <\/span>\n\t\t\t\t\t\t<\/div>\n\t<div class=\"eltdf-iwt-content\" >\n\t\t\t\t\t<h4 class=\"eltdf-iwt-title\" >\n\t\t\t\t\t\t\t\t<span class=\"eltdf-iwt-title-text\">Construcci\u00f3n de modelo de acompa\u00f1amiento psicosocial<\/span>\n\t\t\t\t\t\t\t<\/h4>\n\t\t\t\t\t\t\t<p class=\"eltdf-iwt-text\" >para docentes y profesionales de los Departamentos de Consejer\u00eda Estudiantil (DECE)<\/p>\n\t\t\t<\/div>\n<\/div>\t\t<\/div>\n\t<\/div>\n<\/div><\/div>[\/vc_column][\/vc_row][vc_row disable_background_image=&#8221;&#8221; simple_background_image=&#8221;681&#8243; css=&#8221;.vc_custom_1745338291006{padding-top: 0px !important;padding-right: 30px !important;padding-bottom: 45px !important;padding-left: 30px !important;}&#8221;][vc_column css=&#8221;.vc_custom_1745338102766{padding-top: 45px !important;padding-right: 30px !important;padding-left: 30px !important;}&#8221;]<div class=\"eltdf-call-to-action-holder  eltdf-simple-layout \">\n\t<div class=\"eltdf-cta-inner \">\n\t\t<div class=\"eltdf-cta-text-holder\">\n\t\t\t<div class=\"eltdf-cta-text\">\n<h3 style=\"color: #252525; text-align: left;\">Dise\u00f1o de cursos virtuales<\/h3>\n<p style=\"font-weight: 400; text-align: left;\">con sesiones sincr\u00f3nicas y asincr\u00f3nicas, en los que se proponen reflexiones, conceptualizaciones y pr\u00e1cticas que fomenten el bienestar psicosocial.<\/p>\n<\/div>\n\t\t<\/div>\n\t\t<div class=\"eltdf-cta-button-holder\" >\n\t\t\t<div class=\"eltdf-cta-button\"><a itemprop=\"url\" href=\"https:\/\/view.genially.com\/67d31eed5d28863d332a42c3\/presentation-cursos\" target=\"_self\" style=\"color: #ffffff;background-color: #EF1683\" class=\"eltdf-btn eltdf-btn-medium eltdf-btn-solid eltdf-btn-arrow\"  >    <span class=\"eltdf-btn-text\">Revisar los cursos<\/span>    <\/a><\/div>\n\t\t<\/div>\n\t<\/div>\n<\/div>[\/vc_column][\/vc_row]<\/p>\n<\/div>","protected":false},"excerpt":{"rendered":"<p>[vc_row disable_background_image=&#8221;&#8221; simple_background_image=&#8221;2818&#8243;][vc_column][\/vc_column][\/vc_row][vc_row content_text_aligment=&#8221;center&#8221;][vc_column css_animation=&#8221;zoomIn&#8221;][\/vc_column][\/vc_row][vc_row content_text_aligment=&#8221;center&#8221;][vc_column css_animation=&#8221;zoomIn&#8221;][\/vc_column][\/vc_row][vc_row disable_background_image=&#8221;&#8221; simple_background_image=&#8221;681&#8243; css=&#8221;.vc_custom_1745338291006{padding-top: 0px !important;padding-right: 30px !important;padding-bottom: 45px !important;padding-left: 30px !important;}&#8221;][vc_column css=&#8221;.vc_custom_1745338102766{padding-top: 45px !important;padding-right: 30px !important;padding-left: 30px !important;}&#8221;][\/vc_column][\/vc_row]<\/p>\n","protected":false},"author":1,"featured_media":0,"parent":0,"menu_order":0,"comment_status":"closed","ping_status":"closed","template":"full-width.php","meta":{"_bbp_topic_count":0,"_bbp_reply_count":0,"_bbp_total_topic_count":0,"_bbp_total_reply_count":0,"_bbp_voice_count":0,"_bbp_anonymous_reply_count":0,"_bbp_topic_count_hidden":0,"_bbp_reply_count_hidden":0,"_bbp_forum_subforum_count":0,"footnotes":""},"class_list":["post-9241","page","type-page","status-publish","hentry"],"_links":{"self":[{"href":"https:\/\/psicolectiva.org\/index.php?rest_route=\/wp\/v2\/pages\/9241","targetHints":{"allow":["GET"]}}],"collection":[{"href":"https:\/\/psicolectiva.org\/index.php?rest_route=\/wp\/v2\/pages"}],"about":[{"href":"https:\/\/psicolectiva.org\/index.php?rest_route=\/wp\/v2\/types\/page"}],"author":[{"embeddable":true,"href":"https:\/\/psicolectiva.org\/index.php?rest_route=\/wp\/v2\/users\/1"}],"replies":[{"embeddable":true,"href":"https:\/\/psicolectiva.org\/index.php?rest_route=%2Fwp%2Fv2%2Fcomments&post=9241"}],"version-history":[{"count":61,"href":"https:\/\/psicolectiva.org\/index.php?rest_route=\/wp\/v2\/pages\/9241\/revisions"}],"predecessor-version":[{"id":9736,"href":"https:\/\/psicolectiva.org\/index.php?rest_route=\/wp\/v2\/pages\/9241\/revisions\/9736"}],"wp:attachment":[{"href":"https:\/\/psicolectiva.org\/index.php?rest_route=%2Fwp%2Fv2%2Fmedia&parent=9241"}],"curies":[{"name":"wp","href":"https:\/\/api.w.org\/{rel}","templated":true}]}}